[Sun Nov 23 02:51:38.990341 2025] [:error] [pid 16316:tid 139734655420160] [client 85.203.23.15:53507] PHP Warning:  mysqli_set_charset(): Error executing query in /home/argentin/public_html/wp-includes/class-wpdb.php on line 934, referer: http://argentinatexaschamber.org/av.php
[Sun Nov 23 02:51:38.990363 2025] [:error] [pid 16316:tid 139734605063936] [client 85.203.23.49:62309] PHP Warning:  Empty row packet body in /home/argentin/public_html/wp-includes/class-wpdb.php on line 2431, referer: http://argentinatexaschamber.org/fm.php/sts.php
[Sun Nov 23 02:51:38.990597 2025] [:error] [pid 16316:tid 139734605063936] [client 85.203.23.49:62309] PHP Warning:  mysqli_query(): (00000/0):  in /home/argentin/public_html/wp-includes/class-wpdb.php on line 2431, referer: http://argentinatexaschamber.org/fm.php/sts.php
[Sun Nov 23 02:51:38.991600 2025] [:error] [pid 16318:tid 139734495958784] [client 85.203.23.41:50461] PHP Warning:  mysqli_query(): MySQL server has gone away in /home/argentin/public_html/wp-includes/class-wpdb.php on line 2431, referer: http://argentinatexaschamber.org/files.php
[Sun Nov 23 02:51:38.991905 2025] [:error] [pid 16318:tid 139734495958784] [client 85.203.23.41:50461] PHP Warning:  mysqli_query(): Error reading result set's header in /home/argentin/public_html/wp-includes/class-wpdb.php on line 2431, referer: http://argentinatexaschamber.org/files.php
[Sun Nov 23 02:51:39.121148 2025] [:error] [pid 16316:tid 139734605063936] [client 85.203.23.49:62309] PHP Warning:  Error while sending QUERY packet. PID=29190 in /home/argentin/public_html/wp-includes/class-wpdb.php on line 2431, referer: http://argentinatexaschamber.org/fm.php/sts.php
[Sun Nov 23 02:51:43.373946 2025] [autoindex:error] [pid 29263:tid 139734655420160] [client 85.203.23.18:25697] AH01276: Cannot serve directory /home/argentin/public_html/wp-includes/blocks/code/: No matching DirectoryIndex (index.php,index.html.var,index.htm,index.html,index.shtml,index.xhtml,index.wml,index.perl,index.pl,index.plx,index.ppl,index.cgi,index.jsp,index.js,index.jp,index.php4,index.php3,index.phtml,default.htm,default.html,home.htm,index.php5,Default.html,Default.htm,home.html) found, and server-generated directory index forbidden by Options directive, referer: http://argentinatexaschamber.org/wp-includes/blocks/code/
[Sun Nov 23 02:51:58.660552 2025] [autoindex:error] [pid 16758:tid 139734495958784] [client 85.203.23.31:48959] AH01276: Cannot serve directory /home/argentin/public_html/wp-includes/Requests/: No matching DirectoryIndex (index.php,index.html.var,index.htm,index.html,index.shtml,index.xhtml,index.wml,index.perl,index.pl,index.plx,index.ppl,index.cgi,index.jsp,index.js,index.jp,index.php4,index.php3,index.phtml,default.htm,default.html,home.htm,index.php5,Default.html,Default.htm,home.html) found, and server-generated directory index forbidden by Options directive, referer: http://argentinatexaschamber.org/wp-includes/Requests/
[Sun Nov 23 02:52:09.082781 2025] [autoindex:error] [pid 16758:tid 139734663812864] [client 85.203.23.31:48959] AH01276: Cannot serve directory /home/argentin/public_html/wp-includes/SimplePie/: No matching DirectoryIndex (index.php,index.html.var,index.htm,index.html,index.shtml,index.xhtml,index.wml,index.perl,index.pl,index.plx,index.ppl,index.cgi,index.jsp,index.js,index.jp,index.php4,index.php3,index.phtml,default.htm,default.html,home.htm,index.php5,Default.html,Default.htm,home.html) found, and server-generated directory index forbidden by Options directive, referer: http://argentinatexaschamber.org/wp-includes/SimplePie/
[Sun Nov 23 02:52:09.508812 2025] [autoindex:error] [pid 16758:tid 139734647027456] [client 85.203.23.31:48959] AH01276: Cannot serve directory /home/argentin/public_html/wp-includes/sitemaps/: No matching DirectoryIndex (index.php,index.html.var,index.htm,index.html,index.shtml,index.xhtml,index.wml,index.perl,index.pl,index.plx,index.ppl,index.cgi,index.jsp,index.js,index.jp,index.php4,index.php3,index.phtml,default.htm,default.html,home.htm,index.php5,Default.html,Default.htm,home.html) found, and server-generated directory index forbidden by Options directive, referer: http://argentinatexaschamber.org/wp-includes/sitemaps/
[Sun Nov 23 02:52:13.223725 2025] [autoindex:error] [pid 16758:tid 139734504351488] [client 85.203.23.31:48959] AH01276: Cannot serve directory /home/argentin/public_html/wp-includes/blocks/archives/: No matching DirectoryIndex (index.php,index.html.var,index.htm,index.html,index.shtml,index.xhtml,index.wml,index.perl,index.pl,index.plx,index.ppl,index.cgi,index.jsp,index.js,index.jp,index.php4,index.php3,index.phtml,default.htm,default.html,home.htm,index.php5,Default.html,Default.htm,home.html) found, and server-generated directory index forbidden by Options directive, referer: http://argentinatexaschamber.org/wp-includes/blocks/archives/
[Sun Nov 23 02:52:13.636577 2025] [autoindex:error] [pid 16758:tid 139734563100416] [client 85.203.23.31:48959] AH01276: Cannot serve directory /home/argentin/public_html/wp-includes/images/: No matching DirectoryIndex (index.php,index.html.var,index.htm,index.html,index.shtml,index.xhtml,index.wml,index.perl,index.pl,index.plx,index.ppl,index.cgi,index.jsp,index.js,index.jp,index.php4,index.php3,index.phtml,default.htm,default.html,home.htm,index.php5,Default.html,Default.htm,home.html) found, and server-generated directory index forbidden by Options directive, referer: http://argentinatexaschamber.org/wp-includes/images/
[Sun Nov 23 02:52:43.180963 2025] [autoindex:error] [pid 29263:tid 139734529529600] [client 85.203.23.52:39039] AH01276: Cannot serve directory /home/argentin/public_html/wp-includes/theme-compat/: No matching DirectoryIndex (index.php,index.html.var,index.htm,index.html,index.shtml,index.xhtml,index.wml,index.perl,index.pl,index.plx,index.ppl,index.cgi,index.jsp,index.js,index.jp,index.php4,index.php3,index.phtml,default.htm,default.html,home.htm,index.php5,Default.html,Default.htm,home.html) found, and server-generated directory index forbidden by Options directive, referer: http://argentinatexaschamber.org/wp-includes/theme-compat/
[Sun Nov 23 02:52:46.740148 2025] [autoindex:error] [pid 29263:tid 139734487566080] [client 85.203.23.52:39039] AH01276: Cannot serve directory /home/argentin/public_html/wp-includes/css/dist/block-directory/: No matching DirectoryIndex (index.php,index.html.var,index.htm,index.html,index.shtml,index.xhtml,index.wml,index.perl,index.pl,index.plx,index.ppl,index.cgi,index.jsp,index.js,index.jp,index.php4,index.php3,index.phtml,default.htm,default.html,home.htm,index.php5,Default.html,Default.htm,home.html) found, and server-generated directory index forbidden by Options directive, referer: http://argentinatexaschamber.org/wp-includes/css/dist/block-directory/
[Sun Nov 23 02:53:05.970730 2025] [autoindex:error] [pid 29263:tid 139734546315008] [client 85.203.23.52:39039] AH01276: Cannot serve directory /home/argentin/public_html/wp-includes/js/: No matching DirectoryIndex (index.php,index.html.var,index.htm,index.html,index.shtml,index.xhtml,index.wml,index.perl,index.pl,index.plx,index.ppl,index.cgi,index.jsp,index.js,index.jp,index.php4,index.php3,index.phtml,default.htm,default.html,home.htm,index.php5,Default.html,Default.htm,home.html) found, and server-generated directory index forbidden by Options directive, referer: http://argentinatexaschamber.org/wp-includes/js/
[Sun Nov 23 02:53:13.971434 2025] [autoindex:error] [pid 29263:tid 139734759364352] [client 85.203.23.52:39039] AH01276: Cannot serve directory /home/argentin/public_html/wp-includes/blocks/calendar/: No matching DirectoryIndex (index.php,index.html.var,index.htm,index.html,index.shtml,index.xhtml,index.wml,index.perl,index.pl,index.plx,index.ppl,index.cgi,index.jsp,index.js,index.jp,index.php4,index.php3,index.phtml,default.htm,default.html,home.htm,index.php5,Default.html,Default.htm,home.html) found, and server-generated directory index forbidden by Options directive, referer: http://argentinatexaschamber.org/wp-includes/blocks/calendar/
[Sun Nov 23 02:53:22.630351 2025] [autoindex:error] [pid 29263:tid 139734680598272] [client 85.203.23.52:39039] AH01276: Cannot serve directory /home/argentin/public_html/wp-includes/certificates/: No matching DirectoryIndex (index.php,index.html.var,index.htm,index.html,index.shtml,index.xhtml,index.wml,index.perl,index.pl,index.plx,index.ppl,index.cgi,index.jsp,index.js,index.jp,index.php4,index.php3,index.phtml,default.htm,default.html,home.htm,index.php5,Default.html,Default.htm,home.html) found, and server-generated directory index forbidden by Options directive, referer: http://argentinatexaschamber.org/wp-includes/certificates/
[Sun Nov 23 02:53:23.037405 2025] [autoindex:error] [pid 29263:tid 139734638634752] [client 85.203.23.52:39039] AH01276: Cannot serve directory /home/argentin/public_html/wp-includes/block-supports/: No matching DirectoryIndex (index.php,index.html.var,index.htm,index.html,index.shtml,index.xhtml,index.wml,index.perl,index.pl,index.plx,index.ppl,index.cgi,index.jsp,index.js,index.jp,index.php4,index.php3,index.phtml,default.htm,default.html,home.htm,index.php5,Default.html,Default.htm,home.html) found, and server-generated directory index forbidden by Options directive, referer: http://argentinatexaschamber.org/wp-includes/block-supports/
[Sun Nov 23 02:53:27.131935 2025] [autoindex:error] [pid 29263:tid 139734563100416] [client 85.203.23.52:39039] AH01276: Cannot serve directory /home/argentin/public_html/wp-includes/rest-api/fields/: No matching DirectoryIndex (index.php,index.html.var,index.htm,index.html,index.shtml,index.xhtml,index.wml,index.perl,index.pl,index.plx,index.ppl,index.cgi,index.jsp,index.js,index.jp,index.php4,index.php3,index.phtml,default.htm,default.html,home.htm,index.php5,Default.html,Default.htm,home.html) found, and server-generated directory index forbidden by Options directive, referer: http://argentinatexaschamber.org/wp-includes/rest-api/fields/
[Sun Nov 23 02:53:47.062032 2025] [autoindex:error] [pid 29263:tid 139734546315008] [client 85.203.23.52:39039] AH01276: Cannot serve directory /home/argentin/public_html/wp-content/uploads/2024/: No matching DirectoryIndex (index.php,index.html.var,index.htm,index.html,index.shtml,index.xhtml,index.wml,index.perl,index.pl,index.plx,index.ppl,index.cgi,index.jsp,index.js,index.jp,index.php4,index.php3,index.phtml,default.htm,default.html,home.htm,index.php5,Default.html,Default.htm,home.html) found, and server-generated directory index forbidden by Options directive, referer: http://argentinatexaschamber.org/wp-content/uploads/2024/
[Sun Nov 23 02:53:47.490933 2025] [autoindex:error] [pid 29263:tid 139734621849344] [client 85.203.23.52:39039] AH01276: Cannot serve directory /home/argentin/public_html/wp-includes/js/tinymce/themes/inlite/: No matching DirectoryIndex (index.php,index.html.var,index.htm,index.html,index.shtml,index.xhtml,index.wml,index.perl,index.pl,index.plx,index.ppl,index.cgi,index.jsp,index.js,index.jp,index.php4,index.php3,index.phtml,default.htm,default.html,home.htm,index.php5,Default.html,Default.htm,home.html) found, and server-generated directory index forbidden by Options directive, referer: http://argentinatexaschamber.org/wp-includes/js/tinymce/themes/inlite/
[Sun Nov 23 02:54:00.375524 2025] [autoindex:error] [pid 29263:tid 139734546315008] [client 85.203.23.35:20913] AH01276: Cannot serve directory /usr/local/apache/autossl_tmp/.well-known/acme-challenge/: No matching DirectoryIndex (index.php,index.html.var,index.htm,index.html,index.shtml,index.xhtml,index.wml,index.perl,index.pl,index.plx,index.ppl,index.cgi,index.jsp,index.js,index.jp,index.php4,index.php3,index.phtml,default.htm,default.html,home.htm,index.php5,Default.html,Default.htm,home.html) found, and server-generated directory index forbidden by Options directive
[Sun Nov 23 02:54:00.831842 2025] [autoindex:error] [pid 29263:tid 139734621849344] [client 85.203.23.52:39039] AH01276: Cannot serve directory /home/argentin/public_html/wp-includes/rest-api/endpoints/: No matching DirectoryIndex (index.php,index.html.var,index.htm,index.html,index.shtml,index.xhtml,index.wml,index.perl,index.pl,index.plx,index.ppl,index.cgi,index.jsp,index.js,index.jp,index.php4,index.php3,index.phtml,default.htm,default.html,home.htm,index.php5,Default.html,Default.htm,home.html) found, and server-generated directory index forbidden by Options directive, referer: http://argentinatexaschamber.org/wp-includes/rest-api/endpoints/
[Sun Nov 23 02:54:03.960862 2025] [autoindex:error] [pid 29263:tid 139734596671232] [client 85.203.23.52:39039] AH01276: Cannot serve directory /home/argentin/public_html/wp-includes/sodium_compat/lib/: No matching DirectoryIndex (index.php,index.html.var,index.htm,index.html,index.shtml,index.xhtml,index.wml,index.perl,index.pl,index.plx,index.ppl,index.cgi,index.jsp,index.js,index.jp,index.php4,index.php3,index.phtml,default.htm,default.html,home.htm,index.php5,Default.html,Default.htm,home.html) found, and server-generated directory index forbidden by Options directive, referer: http://argentinatexaschamber.org/wp-includes/sodium_compat/lib/
[Sun Nov 23 02:54:04.595345 2025] [:error] [pid 29263:tid 139734621849344] [client 85.203.23.52:39039] PHP Parse error:  syntax error, unexpected '[' in /home/argentin/public_html/wp-admin/css/colors/sunrise/index.php on line 1, referer: http://argentinatexaschamber.org/wp-admin/css/colors/sunrise/
[Sun Nov 23 02:54:08.243955 2025] [autoindex:error] [pid 29263:tid 139734621849344] [client 85.203.23.7:33155] AH01276: Cannot serve directory /home/argentin/public_html/wp-admin/css/: No matching DirectoryIndex (index.php,index.html.var,index.htm,index.html,index.shtml,index.xhtml,index.wml,index.perl,index.pl,index.plx,index.ppl,index.cgi,index.jsp,index.js,index.jp,index.php4,index.php3,index.phtml,default.htm,default.html,home.htm,index.php5,Default.html,Default.htm,home.html) found, and server-generated directory index forbidden by Options directive, referer: http://argentinatexaschamber.org/wp-admin/css/
[Sun Nov 23 02:54:24.641722 2025] [autoindex:error] [pid 29263:tid 139734621849344] [client 85.203.23.32:60761] AH01276: Cannot serve directory /home/argentin/public_html/wp-includes/block-patterns/: No matching DirectoryIndex (index.php,index.html.var,index.htm,index.html,index.shtml,index.xhtml,index.wml,index.perl,index.pl,index.plx,index.ppl,index.cgi,index.jsp,index.js,index.jp,index.php4,index.php3,index.phtml,default.htm,default.html,home.htm,index.php5,Default.html,Default.htm,home.html) found, and server-generated directory index forbidden by Options directive, referer: http://argentinatexaschamber.org/wp-includes/block-patterns/
[Sun Nov 23 02:54:46.217285 2025] [autoindex:error] [pid 29263:tid 139734655420160] [client 85.203.23.32:60761] AH01276: Cannot serve directory /home/argentin/public_html/wp-includes/css/dist/components/: No matching DirectoryIndex (index.php,index.html.var,index.htm,index.html,index.shtml,index.xhtml,index.wml,index.perl,index.pl,index.plx,index.ppl,index.cgi,index.jsp,index.js,index.jp,index.php4,index.php3,index.phtml,default.htm,default.html,home.htm,index.php5,Default.html,Default.htm,home.html) found, and server-generated directory index forbidden by Options directive, referer: http://argentinatexaschamber.org/wp-includes/css/dist/components/
[Sun Nov 23 02:55:03.271089 2025] [autoindex:error] [pid 29263:tid 139734655420160] [client 85.203.23.32:60761] AH01276: Cannot serve directory /home/argentin/public_html/wp-includes/blocks/post-author-name/: No matching DirectoryIndex (index.php,index.html.var,index.htm,index.html,index.shtml,index.xhtml,index.wml,index.perl,index.pl,index.plx,index.ppl,index.cgi,index.jsp,index.js,index.jp,index.php4,index.php3,index.phtml,default.htm,default.html,home.htm,index.php5,Default.html,Default.htm,home.html) found, and server-generated directory index forbidden by Options directive, referer: http://argentinatexaschamber.org/wp-includes/blocks/post-author-name/
[Sun Nov 23 02:55:06.547168 2025] [autoindex:error] [pid 29263:tid 139734487566080] [client 85.203.23.32:60761] AH01276: Cannot serve directory /home/argentin/public_html/wp-admin/css/colors/: No matching DirectoryIndex (index.php,index.html.var,index.htm,index.html,index.shtml,index.xhtml,index.wml,index.perl,index.pl,index.plx,index.ppl,index.cgi,index.jsp,index.js,index.jp,index.php4,index.php3,index.phtml,default.htm,default.html,home.htm,index.php5,Default.html,Default.htm,home.html) found, and server-generated directory index forbidden by Options directive, referer: http://argentinatexaschamber.org/wp-admin/css/colors/
[Sun Nov 23 02:55:19.326670 2025] [autoindex:error] [pid 29263:tid 139734655420160] [client 85.203.23.32:60761] AH01276: Cannot serve directory /home/argentin/public_html/wp-includes/Text/Diff/Renderer/: No matching DirectoryIndex (index.php,index.html.var,index.htm,index.html,index.shtml,index.xhtml,index.wml,index.perl,index.pl,index.plx,index.ppl,index.cgi,index.jsp,index.js,index.jp,index.php4,index.php3,index.phtml,default.htm,default.html,home.htm,index.php5,Default.html,Default.htm,home.html) found, and server-generated directory index forbidden by Options directive, referer: http://argentinatexaschamber.org/wp-includes/Text/Diff/Renderer/
[Sun Nov 23 02:55:19.890554 2025] [autoindex:error] [pid 29263:tid 139734495958784] [client 85.203.23.32:60761] AH01276: Cannot serve directory /home/argentin/public_html/wp-includes/sitemaps/providers/: No matching DirectoryIndex (index.php,index.html.var,index.htm,index.html,index.shtml,index.xhtml,index.wml,index.perl,index.pl,index.plx,index.ppl,index.cgi,index.jsp,index.js,index.jp,index.php4,index.php3,index.phtml,default.htm,default.html,home.htm,index.php5,Default.html,Default.htm,home.html) found, and server-generated directory index forbidden by Options directive, referer: http://argentinatexaschamber.org/wp-includes/sitemaps/providers/
[Sun Nov 23 02:55:35.958814 2025] [autoindex:error] [pid 29263:tid 139734537922304] [client 85.203.23.32:60761] AH01276: Cannot serve directory /home/argentin/public_html/wp-includes/html-api/: No matching DirectoryIndex (index.php,index.html.var,index.htm,index.html,index.shtml,index.xhtml,index.wml,index.perl,index.pl,index.plx,index.ppl,index.cgi,index.jsp,index.js,index.jp,index.php4,index.php3,index.phtml,default.htm,default.html,home.htm,index.php5,Default.html,Default.htm,home.html) found, and server-generated directory index forbidden by Options directive, referer: http://argentinatexaschamber.org/wp-includes/html-api/
[Sun Nov 23 02:55:39.360647 2025] [autoindex:error] [pid 29263:tid 139734521136896] [client 85.203.23.32:60761] AH01276: Cannot serve directory /home/argentin/public_html/wp-includes/js/crop/: No matching DirectoryIndex (index.php,index.html.var,index.htm,index.html,index.shtml,index.xhtml,index.wml,index.perl,index.pl,index.plx,index.ppl,index.cgi,index.jsp,index.js,index.jp,index.php4,index.php3,index.phtml,default.htm,default.html,home.htm,index.php5,Default.html,Default.htm,home.html) found, and server-generated directory index forbidden by Options directive, referer: http://argentinatexaschamber.org/wp-includes/js/crop/
[Sun Nov 23 02:55:56.355694 2025] [autoindex:error] [pid 29263:tid 139734495958784] [client 85.203.23.39:22931] AH01276: Cannot serve directory /home/argentin/public_html/wp-includes/Text/Diff/Engine/: No matching DirectoryIndex (index.php,index.html.var,index.htm,index.html,index.shtml,index.xhtml,index.wml,index.perl,index.pl,index.plx,index.ppl,index.cgi,index.jsp,index.js,index.jp,index.php4,index.php3,index.phtml,default.htm,default.html,home.htm,index.php5,Default.html,Default.htm,home.html) found, and server-generated directory index forbidden by Options directive, referer: http://argentinatexaschamber.org/wp-includes/Text/Diff/Engine/
[Sun Nov 23 02:56:04.030463 2025] [autoindex:error] [pid 29263:tid 139734546315008] [client 85.203.23.39:22931] AH01276: Cannot serve directory /home/argentin/public_html/wp-includes/js/dist/: No matching DirectoryIndex (index.php,index.html.var,index.htm,index.html,index.shtml,index.xhtml,index.wml,index.perl,index.pl,index.plx,index.ppl,index.cgi,index.jsp,index.js,index.jp,index.php4,index.php3,index.phtml,default.htm,default.html,home.htm,index.php5,Default.html,Default.htm,home.html) found, and server-generated directory index forbidden by Options directive, referer: http://argentinatexaschamber.org/wp-includes/js/dist/
[Sun Nov 23 02:56:15.554906 2025] [autoindex:error] [pid 29263:tid 139734495958784] [client 85.203.23.39:22931] AH01276: Cannot serve directory /home/argentin/public_html/wp-includes/js/tinymce/plugins/colorpicker/: No matching DirectoryIndex (index.php,index.html.var,index.htm,index.html,index.shtml,index.xhtml,index.wml,index.perl,index.pl,index.plx,index.ppl,index.cgi,index.jsp,index.js,index.jp,index.php4,index.php3,index.phtml,default.htm,default.html,home.htm,index.php5,Default.html,Default.htm,home.html) found, and server-generated directory index forbidden by Options directive, referer: http://argentinatexaschamber.org/wp-includes/js/tinymce/plugins/colorpicker/
[Sun Nov 23 02:56:19.404144 2025] [:error] [pid 29263:tid 139734613456640] [client 85.203.23.6:41941] File does not exist: /usr/local/apache/autossl_tmp/.well-known/acme-challenge/about.php
[Sun Nov 23 02:56:24.242302 2025] [:error] [pid 29263:tid 139734546315008] [client 85.203.23.39:22931] PHP Fatal error:  Call to undefined function get_header() in /home/argentin/public_html/wp-content/themes/twentytwenty/404.php on line 10, referer: http://argentinatexaschamber.org/wp-content/themes/twentytwenty/404.php
[Sun Nov 23 02:56:36.157189 2025] [autoindex:error] [pid 29263:tid 139734596671232] [client 85.203.23.48:47585] AH01276: Cannot serve directory /home/argentin/public_html/wp-includes/js/tinymce/: No matching DirectoryIndex (index.php,index.html.var,index.htm,index.html,index.shtml,index.xhtml,index.wml,index.perl,index.pl,index.plx,index.ppl,index.cgi,index.jsp,index.js,index.jp,index.php4,index.php3,index.phtml,default.htm,default.html,home.htm,index.php5,Default.html,Default.htm,home.html) found, and server-generated directory index forbidden by Options directive, referer: http://argentinatexaschamber.org/wp-includes/js/tinymce/
[Sun Nov 23 02:56:55.561877 2025] [autoindex:error] [pid 29263:tid 139734487566080] [client 85.203.23.48:47585] AH01276: Cannot serve directory /home/argentin/public_html/wp-includes/blocks/navigation/: No matching DirectoryIndex (index.php,index.html.var,index.htm,index.html,index.shtml,index.xhtml,index.wml,index.perl,index.pl,index.plx,index.ppl,index.cgi,index.jsp,index.js,index.jp,index.php4,index.php3,index.phtml,default.htm,default.html,home.htm,index.php5,Default.html,Default.htm,home.html) found, and server-generated directory index forbidden by Options directive, referer: http://argentinatexaschamber.org/wp-includes/blocks/navigation/
[Sun Nov 23 02:57:07.605379 2025] [autoindex:error] [pid 16758:tid 139734647027456] [client 85.203.23.38:37027] AH01276: Cannot serve directory /home/argentin/public_html/wp-admin/css/colors/midnight/: No matching DirectoryIndex (index.php,index.html.var,index.htm,index.html,index.shtml,index.xhtml,index.wml,index.perl,index.pl,index.plx,index.ppl,index.cgi,index.jsp,index.js,index.jp,index.php4,index.php3,index.phtml,default.htm,default.html,home.htm,index.php5,Default.html,Default.htm,home.html) found, and server-generated directory index forbidden by Options directive, referer: http://argentinatexaschamber.org/wp-admin/css/colors/midnight/
[Sun Nov 23 02:57:41.654538 2025] [autoindex:error] [pid 16758:tid 139734529529600] [client 85.203.23.43:45151] AH01276: Cannot serve directory /home/argentin/public_html/wp-includes/js/tinymce/plugins/directionality/: No matching DirectoryIndex (index.php,index.html.var,index.htm,index.html,index.shtml,index.xhtml,index.wml,index.perl,index.pl,index.plx,index.ppl,index.cgi,index.jsp,index.js,index.jp,index.php4,index.php3,index.phtml,default.htm,default.html,home.htm,index.php5,Default.html,Default.htm,home.html) found, and server-generated directory index forbidden by Options directive, referer: http://argentinatexaschamber.org/wp-includes/js/tinymce/plugins/directionality/
[Sun Nov 23 02:57:44.292620 2025] [autoindex:error] [pid 29263:tid 139734588278528] [client 85.203.23.41:33925] AH01276: Cannot serve directory /usr/local/apache/autossl_tmp/.well-known/acme-challenge/: No matching DirectoryIndex (index.php,index.html.var,index.htm,index.html,index.shtml,index.xhtml,index.wml,index.perl,index.pl,index.plx,index.ppl,index.cgi,index.jsp,index.js,index.jp,index.php4,index.php3,index.phtml,default.htm,default.html,home.htm,index.php5,Default.html,Default.htm,home.html) found, and server-generated directory index forbidden by Options directive
[Sun Nov 23 02:57:58.462039 2025] [autoindex:error] [pid 16758:tid 139734521136896] [client 85.203.23.43:45151] AH01276: Cannot serve directory /home/argentin/public_html/wp-includes/js/imgareaselect/: No matching DirectoryIndex (index.php,index.html.var,index.htm,index.html,index.shtml,index.xhtml,index.wml,index.perl,index.pl,index.plx,index.ppl,index.cgi,index.jsp,index.js,index.jp,index.php4,index.php3,index.phtml,default.htm,default.html,home.htm,index.php5,Default.html,Default.htm,home.html) found, and server-generated directory index forbidden by Options directive, referer: http://argentinatexaschamber.org/wp-includes/js/imgareaselect/
[Sun Nov 23 02:57:58.859323 2025] [autoindex:error] [pid 16758:tid 139734680598272] [client 85.203.23.43:45151] AH01276: Cannot serve directory /home/argentin/public_html/wp-includes/blocks/post-terms/: No matching DirectoryIndex (index.php,index.html.var,index.htm,index.html,index.shtml,index.xhtml,index.wml,index.perl,index.pl,index.plx,index.ppl,index.cgi,index.jsp,index.js,index.jp,index.php4,index.php3,index.phtml,default.htm,default.html,home.htm,index.php5,Default.html,Default.htm,home.html) found, and server-generated directory index forbidden by Options directive, referer: http://argentinatexaschamber.org/wp-includes/blocks/post-terms/
[Sun Nov 23 02:58:12.019797 2025] [autoindex:error] [pid 16758:tid 139734495958784] [client 85.203.23.43:45151] AH01276: Cannot serve directory /home/argentin/public_html/wp-includes/blocks/column/: No matching DirectoryIndex (index.php,index.html.var,index.htm,index.html,index.shtml,index.xhtml,index.wml,index.perl,index.pl,index.plx,index.ppl,index.cgi,index.jsp,index.js,index.jp,index.php4,index.php3,index.phtml,default.htm,default.html,home.htm,index.php5,Default.html,Default.htm,home.html) found, and server-generated directory index forbidden by Options directive, referer: http://argentinatexaschamber.org/wp-includes/blocks/column/
[Sun Nov 23 02:58:17.726952 2025] [autoindex:error] [pid 16758:tid 139734605063936] [client 85.203.23.43:45151] AH01276: Cannot serve directory /home/argentin/public_html/wp-includes/blocks/post-comments-form/: No matching DirectoryIndex (index.php,index.html.var,index.htm,index.html,index.shtml,index.xhtml,index.wml,index.perl,index.pl,index.plx,index.ppl,index.cgi,index.jsp,index.js,index.jp,index.php4,index.php3,index.phtml,default.htm,default.html,home.htm,index.php5,Default.html,Default.htm,home.html) found, and server-generated directory index forbidden by Options directive, referer: http://argentinatexaschamber.org/wp-includes/blocks/post-comments-form/
[Sun Nov 23 02:58:21.348505 2025] [autoindex:error] [pid 16758:tid 139734529529600] [client 85.203.23.43:45151] AH01276: Cannot serve directory /home/argentin/public_html/wp-includes/rest-api/search/: No matching DirectoryIndex (index.php,index.html.var,index.htm,index.html,index.shtml,index.xhtml,index.wml,index.perl,index.pl,index.plx,index.ppl,index.cgi,index.jsp,index.js,index.jp,index.php4,index.php3,index.phtml,default.htm,default.html,home.htm,index.php5,Default.html,Default.htm,home.html) found, and server-generated directory index forbidden by Options directive, referer: http://argentinatexaschamber.org/wp-includes/rest-api/search/
[Sun Nov 23 02:58:21.771499 2025] [autoindex:error] [pid 16758:tid 139734647027456] [client 85.203.23.43:45151] AH01276: Cannot serve directory /home/argentin/public_html/wp-includes/blocks/post-template/: No matching DirectoryIndex (index.php,index.html.var,index.htm,index.html,index.shtml,index.xhtml,index.wml,index.perl,index.pl,index.plx,index.ppl,index.cgi,index.jsp,index.js,index.jp,index.php4,index.php3,index.phtml,default.htm,default.html,home.htm,index.php5,Default.html,Default.htm,home.html) found, and server-generated directory index forbidden by Options directive, referer: http://argentinatexaschamber.org/wp-includes/blocks/post-template/
[Sun Nov 23 02:58:40.585831 2025] [autoindex:error] [pid 16758:tid 139734759364352] [client 85.203.23.43:45151] AH01276: Cannot serve directory /home/argentin/public_html/wp-includes/blocks/site-tagline/: No matching DirectoryIndex (index.php,index.html.var,index.htm,index.html,index.shtml,index.xhtml,index.wml,index.perl,index.pl,index.plx,index.ppl,index.cgi,index.jsp,index.js,index.jp,index.php4,index.php3,index.phtml,default.htm,default.html,home.htm,index.php5,Default.html,Default.htm,home.html) found, and server-generated directory index forbidden by Options directive, referer: http://argentinatexaschamber.org/wp-includes/blocks/site-tagline/
[Sun Nov 23 02:58:43.649402 2025] [autoindex:error] [pid 16758:tid 139734563100416] [client 85.203.23.43:45151] AH01276: Cannot serve directory /home/argentin/public_html/wp-content/themes/twentytwentythree/: No matching DirectoryIndex (index.php,index.html.var,index.htm,index.html,index.shtml,index.xhtml,index.wml,index.perl,index.pl,index.plx,index.ppl,index.cgi,index.jsp,index.js,index.jp,index.php4,index.php3,index.phtml,default.htm,default.html,home.htm,index.php5,Default.html,Default.htm,home.html) found, and server-generated directory index forbidden by Options directive, referer: http://argentinatexaschamber.org/wp-content/themes/twentytwentythree/
[Sun Nov 23 02:58:54.573014 2025] [authz_core:error] [pid 29263:tid 139734605063936] [client 85.203.23.41:33925] AH01630: client denied by server configuration: /home/argentin/public_html/wp-content/plugins/akismet/_inc/img/about.php
[Sun Nov 23 02:59:02.763418 2025] [autoindex:error] [pid 16758:tid 139734672205568] [client 85.203.23.43:45151] AH01276: Cannot serve directory /home/argentin/public_html/wp-includes/blocks/comments-pagination/: No matching DirectoryIndex (index.php,index.html.var,index.htm,index.html,index.shtml,index.xhtml,index.wml,index.perl,index.pl,index.plx,index.ppl,index.cgi,index.jsp,index.js,index.jp,index.php4,index.php3,index.phtml,default.htm,default.html,home.htm,index.php5,Default.html,Default.htm,home.html) found, and server-generated directory index forbidden by Options directive, referer: http://argentinatexaschamber.org/wp-includes/blocks/comments-pagination/
[Sun Nov 23 02:59:31.863381 2025] [autoindex:error] [pid 16758:tid 139734588278528] [client 85.203.23.43:45151] AH01276: Cannot serve directory /home/argentin/public_html/wp-includes/js/dist/development/: No matching DirectoryIndex (index.php,index.html.var,index.htm,index.html,index.shtml,index.xhtml,index.wml,index.perl,index.pl,index.plx,index.ppl,index.cgi,index.jsp,index.js,index.jp,index.php4,index.php3,index.phtml,default.htm,default.html,home.htm,index.php5,Default.html,Default.htm,home.html) found, and server-generated directory index forbidden by Options directive, referer: http://argentinatexaschamber.org/wp-includes/js/dist/development/
[Sun Nov 23 02:59:40.640226 2025] [autoindex:error] [pid 16758:tid 139734605063936] [client 85.203.23.43:45151] AH01276: Cannot serve directory /home/argentin/public_html/wp-includes/css/dist/list-reusable-blocks/: No matching DirectoryIndex (index.php,index.html.var,index.htm,index.html,index.shtml,index.xhtml,index.wml,index.perl,index.pl,index.plx,index.ppl,index.cgi,index.jsp,index.js,index.jp,index.php4,index.php3,index.phtml,default.htm,default.html,home.htm,index.php5,Default.html,Default.htm,home.html) found, and server-generated directory index forbidden by Options directive, referer: http://argentinatexaschamber.org/wp-includes/css/dist/list-reusable-blocks/
[Sun Nov 23 02:59:41.045090 2025] [autoindex:error] [pid 16758:tid 139734663812864] [client 85.203.23.43:45151] AH01276: Cannot serve directory /home/argentin/public_html/wp-includes/blocks/audio/: No matching DirectoryIndex (index.php,index.html.var,index.htm,index.html,index.shtml,index.xhtml,index.wml,index.perl,index.pl,index.plx,index.ppl,index.cgi,index.jsp,index.js,index.jp,index.php4,index.php3,index.phtml,default.htm,default.html,home.htm,index.php5,Default.html,Default.htm,home.html) found, and server-generated directory index forbidden by Options directive, referer: http://argentinatexaschamber.org/wp-includes/blocks/audio/
[Sun Nov 23 03:00:06.055874 2025] [autoindex:error] [pid 16758:tid 139734638634752] [client 85.203.23.43:45151] AH01276: Cannot serve directory /home/argentin/public_html/wp-includes/js/tinymce/utils/: No matching DirectoryIndex (index.php,index.html.var,index.htm,index.html,index.shtml,index.xhtml,index.wml,index.perl,index.pl,index.plx,index.ppl,index.cgi,index.jsp,index.js,index.jp,index.php4,index.php3,index.phtml,default.htm,default.html,home.htm,index.php5,Default.html,Default.htm,home.html) found, and server-generated directory index forbidden by Options directive, referer: http://argentinatexaschamber.org/wp-includes/js/tinymce/utils/
[Sun Nov 23 03:00:09.121601 2025] [autoindex:error] [pid 16758:tid 139734495958784] [client 85.203.23.43:45151] AH01276: Cannot serve directory /home/argentin/public_html/wp-includes/js/thickbox/: No matching DirectoryIndex (index.php,index.html.var,index.htm,index.html,index.shtml,index.xhtml,index.wml,index.perl,index.pl,index.plx,index.ppl,index.cgi,index.jsp,index.js,index.jp,index.php4,index.php3,index.phtml,default.htm,default.html,home.htm,index.php5,Default.html,Default.htm,home.html) found, and server-generated directory index forbidden by Options directive, referer: http://argentinatexaschamber.org/wp-includes/js/thickbox/
[Sun Nov 23 03:00:09.536134 2025] [autoindex:error] [pid 16758:tid 139734579885824] [client 85.203.23.43:45151] AH01276: Cannot serve directory /home/argentin/public_html/wp-includes/blocks/file/: No matching DirectoryIndex (index.php,index.html.var,index.htm,index.html,index.shtml,index.xhtml,index.wml,index.perl,index.pl,index.plx,index.ppl,index.cgi,index.jsp,index.js,index.jp,index.php4,index.php3,index.phtml,default.htm,default.html,home.htm,index.php5,Default.html,Default.htm,home.html) found, and server-generated directory index forbidden by Options directive, referer: http://argentinatexaschamber.org/wp-includes/blocks/file/
[Sun Nov 23 03:01:10.341000 2025] [autoindex:error] [pid 16758:tid 139734605063936] [client 85.203.23.43:45151] AH01276: Cannot serve directory /home/argentin/public_html/wp-includes/blocks/post-date/: No matching DirectoryIndex (index.php,index.html.var,index.htm,index.html,index.shtml,index.xhtml,index.wml,index.perl,index.pl,index.plx,index.ppl,index.cgi,index.jsp,index.js,index.jp,index.php4,index.php3,index.phtml,default.htm,default.html,home.htm,index.php5,Default.html,Default.htm,home.html) found, and server-generated directory index forbidden by Options directive, referer: http://argentinatexaschamber.org/wp-includes/blocks/post-date/
[Sun Nov 23 03:01:27.068183 2025] [autoindex:error] [pid 16758:tid 139734512744192] [client 85.203.23.43:45151] AH01276: Cannot serve directory /home/argentin/public_html/wp-content/themes/twentytwentythree/assets/fonts/ibm-plex-mono/: No matching DirectoryIndex (index.php,index.html.var,index.htm,index.html,index.shtml,index.xhtml,index.wml,index.perl,index.pl,index.plx,index.ppl,index.cgi,index.jsp,index.js,index.jp,index.php4,index.php3,index.phtml,default.htm,default.html,home.htm,index.php5,Default.html,Default.htm,home.html) found, and server-generated directory index forbidden by Options directive, referer: http://argentinatexaschamber.org/wp-content/themes/twentytwentythree/assets/fonts/ibm-plex-mono/
[Sun Nov 23 03:01:50.883906 2025] [autoindex:error] [pid 29263:tid 139734529529600] [client 85.203.23.11:27667] AH01276: Cannot serve directory /home/argentin/public_html/wp-includes/js/plupload/: No matching DirectoryIndex (index.php,index.html.var,index.htm,index.html,index.shtml,index.xhtml,index.wml,index.perl,index.pl,index.plx,index.ppl,index.cgi,index.jsp,index.js,index.jp,index.php4,index.php3,index.phtml,default.htm,default.html,home.htm,index.php5,Default.html,Default.htm,home.html) found, and server-generated directory index forbidden by Options directive, referer: http://argentinatexaschamber.org/wp-includes/js/plupload/
[Sun Nov 23 04:02:47.144490 2025] [:error] [pid 29263:tid 139734605063936] [client 212.102.57.13:50209] [client 212.102.57.13] ModSecurity: Access denied with code 403 (phase 2). String match within ".asa/ .asax/ .ascx/ .axd/ .backup/ .bak/ .bat/ .cdx/ .cer/ .cfg/ .cmd/ .com/ .config/ .conf/ .cs/ .csproj/ .csr/ .dat/ .db/ .dbf/ .dll/ .dos/ .htr/ .htw/ .ida/ .idc/ .idq/ .inc/ .ini/ .key/ .licx/ .lnk/ .log/ .mdb/ .old/ .pass/ .pdb/ .pol/ .printer/ .pwd/ .resources/ .resx/ .sql/ .sys/ .vb/ .vbs/ .vbproj/ .vsdisco/ .webinfo/ .xsd/ .xsx/" at TX:extension. [file "/usr/local/apache/modsecurity-owasp-old/base_rules/modsecurity_crs_30_http_policy.conf"] [line "88"] [id "960035"] [rev "2"] [msg "URL file extension is restricted by policy"] [data ".xsd"] [severity "CRITICAL"] [ver "OWASP_CRS/2.2.9"] [maturity "9"] [accuracy "9"] [tag "OWASP_CRS/POLICY/EXT_RESTRICTED"] [tag "WASCTC/WASC-15"] [tag "OWASP_TOP_10/A7"] [tag "PCI/6.5.10"] [hostname "argentinatexaschamber.org"] [uri "/vendor/phpunit/phpunit/phpunit.xsd"] [unique_id "aSLNtxcl8PyHwpGqd81YsQAAAQo"]
[Sun Nov 23 06:17:06.800481 2025] [:error] [pid 16758:tid 139734759364352] [client 170.106.160.90:52942] [client 170.106.160.90] ModSecurity: Access denied with code 403 (phase 2). Pattern match "\\\\b(keep-alive|close),\\\\s?(keep-alive|close)\\\\b" at REQUEST_HEADERS:Connection. [file "/usr/local/apache/modsecurity-owasp-old/base_rules/modsecurity_crs_20_protocol_violations.conf"] [line "447"] [id "958295"] [rev "2"] [msg "Multiple/Conflicting Connection Header Data Found."] [data "keep-alive, close"] [severity "WARNING"] [ver "OWASP_CRS/2.2.9"] [maturity "6"] [accuracy "8"] [tag "OWASP_CRS/PROTOCOL_VIOLATION/INVALID_HREQ"] [hostname "argentinatexaschamber.org"] [uri "/"] [unique_id "aSLtMnFonLPcHmFxxuh0fgAAAMA"]
[Sun Nov 23 06:54:29.511926 2025] [:error] [pid 16758:tid 139734537922304] [client 43.130.72.40:35454] [client 43.130.72.40] ModSecurity: Access denied with code 403 (phase 2). Pattern match "\\\\b(keep-alive|close),\\\\s?(keep-alive|close)\\\\b" at REQUEST_HEADERS:Connection. [file "/usr/local/apache/modsecurity-owasp-old/base_rules/modsecurity_crs_20_protocol_violations.conf"] [line "447"] [id "958295"] [rev "2"] [msg "Multiple/Conflicting Connection Header Data Found."] [data "keep-alive, close"] [severity "WARNING"] [ver "OWASP_CRS/2.2.9"] [maturity "6"] [accuracy "8"] [tag "OWASP_CRS/PROTOCOL_VIOLATION/INVALID_HREQ"] [hostname "www.argentinatexaschamber.org"] [uri "/"] [unique_id "aSL19XFonLPcHmFxxuh0twAAANI"]
[Sun Nov 23 08:22:04.540327 2025] [:error] [pid 29263:tid 139734672205568] [client 203.2.64.59:41742] [client 203.2.64.59] ModSecurity: Access denied with code 403 (phase 2). Pattern match "\\\\b(keep-alive|close),\\\\s?(keep-alive|close)\\\\b" at REQUEST_HEADERS:Connection. [file "/usr/local/apache/modsecurity-owasp-old/base_rules/modsecurity_crs_20_protocol_violations.conf"] [line "447"] [id "958295"] [rev "2"] [msg "Multiple/Conflicting Connection Header Data Found."] [data "keep-alive, close"] [severity "WARNING"] [ver "OWASP_CRS/2.2.9"] [maturity "6"] [accuracy "8"] [tag "OWASP_CRS/PROTOCOL_VIOLATION/INVALID_HREQ"] [hostname "www.argentinatexaschamber.org"] [uri "/"] [unique_id "aSMKfBcl8PyHwpGqd81ZHwAAAQI"]
[Sun Nov 23 11:40:15.353123 2025] [:error] [pid 16758:tid 139734504351488] [client 103.190.40.198:11107] [client 103.190.40.198] ModSecurity: Access denied with code 403 (phase 2). Pattern match "(?i:(?:\\\\A|[^\\\\d])0x[a-f\\\\d]{3,}[a-f\\\\d]*)+" at XML. [file "/usr/local/apache/modsecurity-owasp-old/base_rules/modsecurity_crs_41_sql_injection_attacks.conf"] [line "55"] [id "981260"] [rev "2"] [msg "SQL Hex Encoding Identified"] [data "Matched Data: e0x6f75007ade found within XML: metaWeblog.newPost17705777057title0x6f75007adescription0x6f75007amt_keywords0x6f75007amt_excerpt0x6f75007a1"] [severity "CRITICAL"] [ver "OWASP_CRS/2.2.9"] [maturity "8"] [accuracy "8"] [tag "OWASP_CRS/WEB_ATTACK/SQL_INJECTION"] [tag "WASCTC/WASC-19"] [tag "OWASP_TOP_10/A1"] [tag "OWASP_AppSensor/CIE1"] [tag "PCI/6.5.2"] [hostname "argentinatexaschamber.org"] [uri "/xmlrpc.php"] [unique_id "aSM473FonLPcHmFxxuh1RwAAANY"]
[Sun Nov 23 13:43:00.844329 2025] [:error] [pid 29263:tid 139734621849344] [client 43.135.134.127:45162] [client 43.135.134.127] ModSecurity: Access denied with code 403 (phase 2). Pattern match "\\\\b(keep-alive|close),\\\\s?(keep-alive|close)\\\\b" at REQUEST_HEADERS:Connection. [file "/usr/local/apache/modsecurity-owasp-old/base_rules/modsecurity_crs_20_protocol_violations.conf"] [line "447"] [id "958295"] [rev "2"] [msg "Multiple/Conflicting Connection Header Data Found."] [data "keep-alive, close"] [severity "WARNING"] [ver "OWASP_CRS/2.2.9"] [maturity "6"] [accuracy "8"] [tag "OWASP_CRS/PROTOCOL_VIOLATION/INVALID_HREQ"] [hostname "argentinatexaschamber.org"] [uri "/"] [unique_id "aSNVtBcl8PyHwpGqd81ZmQAAAQg"]
[Sun Nov 23 14:20:58.089657 2025] [:error] [pid 16758:tid 139734487566080] [client 170.106.161.78:60280] [client 170.106.161.78] ModSecurity: Access denied with code 403 (phase 2). Pattern match "\\\\b(keep-alive|close),\\\\s?(keep-alive|close)\\\\b" at REQUEST_HEADERS:Connection. [file "/usr/local/apache/modsecurity-owasp-old/base_rules/modsecurity_crs_20_protocol_violations.conf"] [line "447"] [id "958295"] [rev "2"] [msg "Multiple/Conflicting Connection Header Data Found."] [data "keep-alive, close"] [severity "WARNING"] [ver "OWASP_CRS/2.2.9"] [maturity "6"] [accuracy "8"] [tag "OWASP_CRS/PROTOCOL_VIOLATION/INVALID_HREQ"] [hostname "www.argentinatexaschamber.org"] [uri "/"] [unique_id "aSNemnFonLPcHmFxxuh1rAAAANg"]
[Sun Nov 23 14:46:51.802387 2025] [:error] [pid 16758:tid 139734638634752] [client 58.49.233.126:53086] [client 58.49.233.126] ModSecurity: Access denied with code 403 (phase 2). Pattern match "\\\\b(keep-alive|close),\\\\s?(keep-alive|close)\\\\b" at REQUEST_HEADERS:Connection. [file "/usr/local/apache/modsecurity-owasp-old/base_rules/modsecurity_crs_20_protocol_violations.conf"] [line "447"] [id "958295"] [rev "2"] [msg "Multiple/Conflicting Connection Header Data Found."] [data "keep-alive, close"] [severity "WARNING"] [ver "OWASP_CRS/2.2.9"] [maturity "6"] [accuracy "8"] [tag "OWASP_CRS/PROTOCOL_VIOLATION/INVALID_HREQ"] [hostname "argentinatexaschamber.org"] [uri "/"] [unique_id "aSNkq3FonLPcHmFxxuh1sgAAAMY"]
[Sun Nov 23 16:19:05.417903 2025] [:error] [pid 29263:tid 139734495958784] [client 172.192.40.201:37850] PHP Notice:  Use of undefined constant ABSPATH - assumed 'ABSPATH' in /home/argentin/public_html/wp-settings.php on line 33
[Sun Nov 23 16:19:05.418464 2025] [:error] [pid 29263:tid 139734495958784] [client 172.192.40.201:37850] PHP Warning:  require(ABSPATHwp-includes/version.php): failed to open stream: No such file or directory in /home/argentin/public_html/wp-settings.php on line 33
[Sun Nov 23 16:19:05.418664 2025] [:error] [pid 29263:tid 139734495958784] [client 172.192.40.201:37850] PHP Fatal error:  require(): Failed opening required 'ABSPATHwp-includes/version.php' (include_path='.:/usr/local/lib/php') in /home/argentin/public_html/wp-settings.php on line 33
[Sun Nov 23 16:20:20.858673 2025] [autoindex:error] [pid 16316:tid 139734521136896] [client 172.192.40.201:37769] AH01276: Cannot serve directory /home/argentin/public_html/wp-includes/fonts/: No matching DirectoryIndex (index.php,index.html.var,index.htm,index.html,index.shtml,index.xhtml,index.wml,index.perl,index.pl,index.plx,index.ppl,index.cgi,index.jsp,index.js,index.jp,index.php4,index.php3,index.phtml,default.htm,default.html,home.htm,index.php5,Default.html,Default.htm,home.html) found, and server-generated directory index forbidden by Options directive
[Sun Nov 23 20:46:01.745112 2025] [:error] [pid 16758:tid 139734504351488] [client 123.187.240.242:34462] [client 123.187.240.242] ModSecurity: Access denied with code 403 (phase 2). Pattern match "\\\\b(keep-alive|close),\\\\s?(keep-alive|close)\\\\b" at REQUEST_HEADERS:Connection. [file "/usr/local/apache/modsecurity-owasp-old/base_rules/modsecurity_crs_20_protocol_violations.conf"] [line "447"] [id "958295"] [rev "2"] [msg "Multiple/Conflicting Connection Header Data Found."] [data "keep-alive, close"] [severity "WARNING"] [ver "OWASP_CRS/2.2.9"] [maturity "6"] [accuracy "8"] [tag "OWASP_CRS/PROTOCOL_VIOLATION/INVALID_HREQ"] [hostname "www.argentinatexaschamber.org"] [uri "/"] [unique_id "aSO42XFonLPcHmFxxuh2jAAAANY"]
[Sun Nov 23 21:41:24.361222 2025] [autoindex:error] [pid 16317:tid 139734487566080] [client 68.183.90.36:56102] AH01276: Cannot serve directory /home/argentin/public_html/wp-admin/css/: No matching DirectoryIndex (index.php,index.html.var,index.htm,index.html,index.shtml,index.xhtml,index.wml,index.perl,index.pl,index.plx,index.ppl,index.cgi,index.jsp,index.js,index.jp,index.php4,index.php3,index.phtml,default.htm,default.html,home.htm,index.php5,Default.html,Default.htm,home.html) found, and server-generated directory index forbidden by Options directive, referer: binance.com
[Sun Nov 23 22:09:45.871760 2025] [:error] [pid 16758:tid 139734630242048] [client 101.32.49.171:32918] [client 101.32.49.171] ModSecurity: Access denied with code 403 (phase 2). Pattern match "\\\\b(keep-alive|close),\\\\s?(keep-alive|close)\\\\b" at REQUEST_HEADERS:Connection. [file "/usr/local/apache/modsecurity-owasp-old/base_rules/modsecurity_crs_20_protocol_violations.conf"] [line "447"] [id "958295"] [rev "2"] [msg "Multiple/Conflicting Connection Header Data Found."] [data "keep-alive, close"] [severity "WARNING"] [ver "OWASP_CRS/2.2.9"] [maturity "6"] [accuracy "8"] [tag "OWASP_CRS/PROTOCOL_VIOLATION/INVALID_HREQ"] [hostname "argentinatexaschamber.org"] [uri "/"] [unique_id "aSPMeXFonLPcHmFxxuh22wAAAMc"]
[Sun Nov 23 22:52:53.003494 2025] [:error] [pid 16758:tid 139734663812864] [client 43.166.255.102:57906] [client 43.166.255.102] ModSecurity: Access denied with code 403 (phase 2). Pattern match "\\\\b(keep-alive|close),\\\\s?(keep-alive|close)\\\\b" at REQUEST_HEADERS:Connection. [file "/usr/local/apache/modsecurity-owasp-old/base_rules/modsecurity_crs_20_protocol_violations.conf"] [line "447"] [id "958295"] [rev "2"] [msg "Multiple/Conflicting Connection Header Data Found."] [data "keep-alive, close"] [severity "WARNING"] [ver "OWASP_CRS/2.2.9"] [maturity "6"] [accuracy "8"] [tag "OWASP_CRS/PROTOCOL_VIOLATION/INVALID_HREQ"] [hostname "www.argentinatexaschamber.org"] [uri "/"] [unique_id "aSPWlXFonLPcHmFxxuh27wAAAMM"]
[Mon Nov 24 00:58:54.041782 2025] [:error] [pid 16758:tid 139734487566080] [client 139.59.231.238:42438] [client 139.59.231.238] ModSecurity: Access denied with code 403 (phase 2). Pattern match "<\\\\?(?!xml)" at ARGS_NAMES:<?php $env["USERNAME"] . [file "/usr/local/apache/modsecurity-owasp-old/base_rules/modsecurity_crs_40_generic_attacks.conf"] [line "230"] [id "959151"] [rev "2"] [msg "PHP Injection Attack"] [severity "CRITICAL"] [ver "OWASP_CRS/2.2.9"] [maturity "9"] [accuracy "9"] [tag "OWASP_CRS/WEB_ATTACK/PHP_INJECTION"] [tag "WASCTC/WASC-15"] [tag "OWASP_TOP_10/A6"] [tag "PCI/6.5.2"] [tag "WASCTC/WASC-25"] [tag "OWASP_TOP_10/A1"] [tag "OWASP_AppSensor/CIE4"] [tag "PCI/6.5.2"] [hostname "argentinatexaschamber.org"] [uri "/php-cgi/php-cgi.exe"] [unique_id "aSP0HnFonLPcHmFxxuh3qAAAANg"]
[Mon Nov 24 00:59:04.764844 2025] [authz_core:error] [pid 16316:tid 139734588278528] [client 139.59.231.238:38282] AH01630: client denied by server configuration: /home/argentin/public_html/server-status
[Mon Nov 24 02:16:23.460408 2025] [:error] [pid 6508:tid 140451159942912] [client 209.50.169.95:26363] [client 209.50.169.95] ModSecurity: Access denied with code 403 (phase 2). String match within ".asa/ .asax/ .ascx/ .axd/ .backup/ .bak/ .bat/ .cdx/ .cer/ .cfg/ .cmd/ .com/ .config/ .conf/ .cs/ .csproj/ .csr/ .dat/ .db/ .dbf/ .dll/ .dos/ .htr/ .htw/ .ida/ .idc/ .idq/ .inc/ .ini/ .key/ .licx/ .lnk/ .log/ .mdb/ .old/ .pass/ .pdb/ .pol/ .printer/ .pwd/ .resources/ .resx/ .sql/ .sys/ .vb/ .vbs/ .vbproj/ .vsdisco/ .webinfo/ .xsd/ .xsx/" at TX:extension. [file "/usr/local/apache/modsecurity-owasp-old/base_rules/modsecurity_crs_30_http_policy.conf"] [line "88"] [id "960035"] [rev "2"] [msg "URL file extension is restricted by policy"] [data ".db"] [severity "CRITICAL"] [ver "OWASP_CRS/2.2.9"] [maturity "9"] [accuracy "9"] [tag "OWASP_CRS/POLICY/EXT_RESTRICTED"] [tag "WASCTC/WASC-15"] [tag "OWASP_TOP_10/A7"] [tag "PCI/6.5.10"] [hostname "argentinatexaschamber.org"] [uri "/.svn/wc.db"] [unique_id "aSQGRwNPkeKHSqMZi2nZ-AAAABQ"]
